r of 954 and t.
106
Let y(g) = -25*g + 3. Suppose 0*x + x + 3 = 0. Let r be y(x). Let i = 161 - 148. What is the greatest common divisor of i and r?
13
Suppose -16 = 4*m, -6*x - 32 = -8*x - 4*m. What is the highest common factor of x and 232?
8
Let s = 14 + 30. Let t(w) = w**2 - 4. Let d be t(3). Suppose 0 = 7*b - d*b - s. Calculate the greatest common divisor of 22 and b.
22
Let b(v) = v**3 + 12*v**2 + 21*v + 43. Let x be b(-6). Suppose -2*u + u + 19 = 0. Calculate the greatest common factor of u and x.
19
Let c(r) = 3*r - 5. Let s be c(4). Let h = -191 - -110. Let q = -74 - h. Calculate the greatest common divisor of q and s.
7
Let n(k) = -8*k - 3 - 9*k + 18*k. Let a be n(3). Suppose -7*i + 2*i + 115 = a. Calculate the greatest common divisor of 69 and i.
23
Suppose 3*r = -2*r + 20. Let l(g) = -g**2 + 3*g + 8. Let w be l(r). Suppose 5*b = -4*y, 19 = b - w*y + y. What is the greatest common divisor of 4 and b?
4
Suppose -3*x = -499 + 109. What is the greatest common divisor of x and 15?
5
Let i be (347 + -392)/((-112)/111 - -1). Calculate the greatest common divisor of i and 135.
135
Suppose -t + 170 = 4*j + 44, 0 = -4*j - 3*t + 122. Let v be 9/(-6)*(-138)/9 + 1. What is the highest common factor of j and v?
8
Suppose -9 = -3*h + 3*i, 0 = -0*h - 2*h - 4*i + 12. Suppose 3*n + c - 292 = -h*c, 4*n + 5*c - 391 = 0. Calculate the greatest common factor of n and 9.
9
Let k = 1478 + -1318. Calculate the greatest common divisor of 5 and k.
5
Let h = 12 - -12. Let o be (-10 - -25)/((-105)/(-252)). What is the greatest common factor of o and h?
12
Let i be (2 - 4)/((-2)/33). Let d(q) = 166*q**2 + q. Let b = 23 - 24. Let x be d(b). What is the highest common factor of x and i?
33
Suppose 0 = 2*n + n - 21. Let w be n/(-21) + 48/9. Calculate the highest common divisor of 5 and w.
5
Let u(k) = k**3 - 7*k**2 + 3. Let m be u(7). Suppose -2*z + 6 = w - 6, -m*w = -12. Suppose -15 = -z*r + 9. What is the highest common factor of r and 18?
6
Let z(i) = -i**2 - 18*i + 47. Let t be z(-16). Let v = t + -59. What is the greatest common factor of 20 and v?
20
Let p = -320 - -368. What is the highest common factor of p and 228?
12
Let s be ((-40)/(-6))/((-1)/(-12)). Calculate the highest common divisor of 8 and s.
8
Let b(m) be the second derivative of m**3/3 + 11*m**2/2 + 9*m. Let y be b(26). Calculate the greatest common factor of y and 42.
21
Suppose -3*x + 88 = -7*x. Let q be (33/x)/(2/(-72)). Calculate the highest common factor of q and 135.
27
Let s(r) = -12*r + 3. Let j be s(-3). Let z be (-2*4/24)/(6/(-936)). Calculate the highest common divisor of j and z.
13
Let z be (0 - 344/(-6)) + (-6)/(-9). Let g = 62 - z. Calculate the greatest common factor of 4 and g.
4
Let t be (-45)/(-21)*(-644)/(-138). Calculate the greatest common factor of 230 and t.
10
Suppose -5*x - 3*o + 8*o + 275 = 0, 0 = -4*o + 16. Suppose -2*r + 11 = -x. Calculate the highest common divisor of 7 and r.
7
Suppose -5609 = 8*x - 5857. What is the highest common factor of 93 and x?
31
Suppose 3*s = 3*i - 39, 0*s = -5*i + s + 85. Suppose 4*g = 8, 26 - 6 = -5*p - 5*g. Let d be (i/4)/(p/(-60)). What is the greatest common factor of 30 and d?
15
Suppose -2*m + 6*m - 480 = 0. What is the greatest common factor of 96 and m?
24
Let f be (-200)/210*-15*14. What is the highest common factor of f and 160?
40
Let z = -11 + 17. Let f be ((-30)/(-4))/(z/12). Let o be (-106)/(-14) + f/35. Calculate the greatest common factor of 20 and o.
4
Let j(g) = g**2 + 1. Let w = -7 - -8. Let l be j(w). Let i be (25/l)/((-2)/(-20)). Calculate the highest common factor of i and 25.
25
Let x(z) = z**2 + 4. Suppose -4*l - 2 = 6. Let f be x(l). Let n = f - -6. What is the highest common divisor of 42 and n?
14
Let y(a) = a**3 - a**2 + a - 1. Let u be y(0). Suppose 5*o + 0 = 10. Let p be 13 + (o + -3)/u. What is the greatest common divisor of p and 70?
14
Suppose 0 = -3*u + 3*t + 489, t + 0 = 5. What is the greatest common divisor of 21 and u?
21
Let i be 4*47 + (10 - 11). Suppose -3*a + 8*a = 2*c - 24, -c - 2*a + 21 = 0. What is the greatest common divisor of c and i?
17
Suppose -5*x + 10 = 0, 742 = -2*a - 3*a - 4*x. Let v be (14/5)/((-5)/a). Let n = 8 - -4. Calculate the highest common factor of n and v.
12
Let b be (-4)/9 + (-83503)/(-711). What is the highest common divisor of b and 26?
13
Suppose 1636 = 8*f - 4*f. Let t = f + -95. Let y = t - 210. What is the highest common factor of 26 and y?
26
Let k(p) = -3*p + 13. Let w(y) = -2*y + 9. Let h(o) = -5*k(o) + 8*w(o). Let b be h(5). What is the greatest common factor of 10 and b?
2
Let x(o) = 2*o**3 - 8*o**2 - 10*o + 7. Let d = 31 - 26. Suppose 5*c - 18 = 3*j + j, 33 = d*c + j. Let s be x(c). What is the greatest common factor of s and 13?
13
Let t(s) = 43*s - 146. Let y be t(14). What is the highest common divisor of y and 57?
57
Suppose -s + 7 + 49 = 0. What is the highest common divisor of s and 238?
14
Let g = 52 - 42. Let v(z) = 13*z + 1. Let n be v(3). Calculate the highest common factor of n and g.
10
Let b(j) = 157*j - 296. Let q be b(2). What is the highest common factor of 81 and q?
9
Suppose r = -2*r + 6. Suppose 0 = -d - 4*q + 56, -r*d + 87 = -0*d + 3*q. What is the greatest common factor of 9 and d?
9
Let s(l) = 30*l + 223. Let g be s(16). Calculate the greatest common factor of 111 and g.
37
Suppose -4*a - 44 = -8*a. Let q = 5 + 3. Let w = a - q. What is the greatest common factor of w and 24?
3
Let t be 93/62 - (-636)/8. What is the greatest common divisor of t and 63?
9
Let k be (-2)/(-8)*-2*-4. Let b(p) be the third derivative of p**5/30 - p**4/24 - p**3 - 4*p**2. Let j be b(4). What is the highest common factor of k and j?
2
Let k = -704 - -773. Calculate the highest common factor of k and 46.
23
Let s = -6 - -8. Suppose -s*r + c - 23 + 74 = 0, r = 5*c + 39. Let u = 100 - 96. What is the highest common factor of r and u?
4
Let x(z) = z**2 - 40*z + 12. Let m be x(40). Calculate the greatest common divisor of m and 24.
12
Let r = -29 - 27. Let o be 0/9 + r/(-2). Calculate the greatest common factor of 7 and o.
7
Let h(t) = -t**3 - 5*t**2 + 7*t + 10. Let s be h(-6). Let n be 350/(-75)*(-36)/14. What is the greatest common divisor of s and n?
4
Let r(x) = x**2 - 12*x - 93. Let q be r(15). Let s be -1*(q/18 + (-8)/(-12)). Calculate the greatest common factor of 9 and s.
1
Suppose 14*w = 2846 + 2866. Calculate the greatest common divisor of w and 48.
24
Let o = 53 - 35. Suppose 59*n = 73*n - 630. Calculate the greatest common factor of o and n.
9
Suppose -15*u + 54 = -13*u - p, u = 3*p + 17. Suppose 4*z - 232 = -o, -3*z - 1423 = -5*o - 263. Calculate the highest common factor of o and u.
29
Suppose 15*h = 20*h - 455. What is the highest common divisor of h and 728?
91
Let h = 8 - 16. Let o = 12 + h. Let v = 26 + o. What is the highest common factor of 12 and v?
6
Suppose 373 = 3*g - h, -4*g + 4*h = 111 - 595. Calculate the highest common divisor of g and 21.
21
Let b(d) = d**3 - 6*d**2 - 5*d + 1. Suppose 0*l + 2*x - 13 = -l, -2*l - x = -17. Let k be b(l). What is the highest common factor of 10 and k?
5
Let f(b) = 40*b**2 + 9*b + 1. Let p be f(-1). Calculate the greatest common factor of p and 352.
32
Suppose -24*t + 42 = -150. Suppose p + 0*p - 64 = 0. What is the greatest common factor of p and t?
8
Let i(k) = -50*k. Let g be i(-1). Let o = -22 + g. Let n = 1 - -3. What is the highest common divisor of n and o?
4
Let w = 47 + -14. Suppose 0 = 3*g + 1 - 67. Calculate the greatest common factor of w and g.
11
Let i be 2 + 1/(-2)*0. Suppose h - 1 = 0, i*b = -6*h + h + 21. Let k be (-11)/3*(4 - 28). What is the highest common divisor of b and k?
8
Suppose 0 = 4*w + 20, -46*w - 155 = -4*z - 47*w. Let y = 142 + -82. Calculate the highest common divisor of y and z.
20
Let m = -170 - -178. Calculate the greatest common divisor of 296 and m.
8
Suppose 0 = -4*m + 3*n + 774, 114*n - 388 = -2*m + 116*n. What is the greatest common divisor of 24 and m?
24
Let x(t) = -24*t - 186. Let b be x(-19). What is the highest common divisor of 10 and b?
10
Suppose 4*c - 53 = n, 3*n - 9 = -c - n. Let f(y) = -y**2 + 14*y - 13. Let a be f(c). Suppose a = 6*l - 36 - 0. Calculate the highest common factor of 2 and l.
2
Let n(s) be the second derivative of -s**5/20 + 2*s**4/3 - 2*s